inder when 77723 is divided by 4090?
13
What is the remainder when 3017 is divided by 55?
47
What is the remainder when 28039 is divided by 1218?
25
Calculate the remainder when 11513 is divided by 235.
233
What is the remainder when 6526 is divided by 1087?
4
Calculate the remainder when 24282 is divided by 386.
350
Calculate the remainder when 6729 is divided by 15.
9
Calculate the remainder when 1916 is divided by 925.
66
What is the remainder when 795756 is divided by 145?
141
Calculate the remainder when 23683 is divided by 62.
61
What is the remainder when 105557 is divided by 333?
329
What is the remainder when 34612 is divided by 577?
569
Calculate the remainder when 2730 is divided by 1337.
56
Calculate the remainder when 544940 is divided by 181644.
8
What is the remainder when 10140 is divided by 107?
82
What is the remainder when 22023 is divided by 66?
45
What is the remainder when 142582 is divided by 29?
18
Calculate the remainder when 328276 is divided by 20.
16
Calculate the remainder when 473 is divided by 106.
49
What is the remainder when 374625 is divided by 11?
9
What is the remainder when 62230 is divided by 475?
5
Calculate the remainder when 2098949 is divided by 35.
34
Calculate the remainder when 42265 is divided by 246.
199
Calculate the remainder when 11915 is divided by 595.
15
What is the remainder when 6409 is divided by 1116?
829
Calculate the remainder when 2433 is divided by 247.
210
Calculate the remainder when 718 is divided by 119.
4
Calculate the remainder when 542 is divided by 43.
26
Calculate the remainder when 69954 is divided by 132.
126
Calculate the remainder when 11403 is divided by 44.
7
What is the remainder when 46000 is divided by 28?
24
What is the remainder when 60282 is divided by 14?
12
What is the remainder when 419723 is divided by 6?
5
What is the remainder when 8923 is divided by 4251?
421
What is the remainder when 5538 is divided by 5527?
11
What is the remainder when 121898 is divided by 40625?
23
What is the remainder when 6571 is divided by 464?
75
What is the remainder when 89021 is divided by 89010?
11
Calculate the remainder when 352484 is divided by 12.
8
Calculate the remainder when 20409 is divided by 26.
25
What is the remainder when 136829 is divided by 4413?
26
What is the remainder when 398 is divided by 31?
26
Calculate the remainder when 72585 is divided by 33.
18
Calculate the remainder when 1414462 is divided by 8.
6
Calculate the remainder when 120842 is divided by 134.
108
What is the remainder when 2853 is divided by 54?
45
Calculate the remainder when 85172 is divided by 338.
334
What is the remainder when 44043 is divided by 423?
51
Calculate the remainder when 536137 is divided by 562.
551
Calculate the remainder when 10003 is divided by 664.
43
Calculate the remainder when 14704 is divided by 7347.
10
Calculate the remainder when 15488 is divided by 160.
128
Calculate the remainder when 55900 is divided by 11177.
15
Calculate the remainder when 372 is divided by 286.
86
Calculate the remainder when 1903 is divided by 922.
59
Calculate the remainder when 23134 is divided by 178.
172
What is the remainder when 13383 is divided by 3344?
7
Calculate the remainder when 1851 is divided by 36.
15
What is the remainder when 3093 is divided by 34?
33
What is the remainder when 852 is divided by 335?
182
What is the remainder when 10807 is divided by 1214?
1095
Calculate the remainder when 1521 is divided by 254.
251
Calculate the remainder when 81849 is divided by 164.
13
What is the remainder when 157007 is divided by 6?
5
What is the remainder when 2145 is divided by 666?
147
Calculate the remainder when 282105 is divided by 310.
5
Calculate the remainder when 1702 is divided by 551.
49
Calculate the remainder when 761520 is divided by 253833.
21
Calculate the remainder when 4260 is divided by 422.
40
Calculate the remainder when 1206 is divided by 363.
117
What is the remainder when 24935 is divided by 780?
755
What is the remainder when 4051 is divided by 2007?
37
Calculate the remainder when 791 is divided by 177.
83
Calculate the remainder when 804090 is divided by 10721.
15
What is the remainder when 29702 is divided by 2459?
194
What is the remainder when 1704012 is divided by 851994?
24
What is the remainder when 5565 is divided by 2767?
31
Calculate the remainder when 37205 is divided by 127.
121
Calculate the remainder when 1790 is divided by 75.
65
Calculate the remainder when 99372 is divided by 75.
72
Calculate the remainder when 1123 is divided by 157.
24
What is the remainder when 1450 is divided by 624?
202
Calculate the remainder when 111623 is divided by 22312.
63
What is the remainder when 45095 is divided by 470?
445
Calculate the remainder when 3040 is divided by 228.
76
What is the remainder when 10342 is divided by 649?
607
Calculate the remainder when 25480 is divided by 61.
43
Calculate the remainder when 483352 is divided by 241668.
16
What is the remainder when 18417 is divided by 1414?
35
What is the remainder when 4022 is divided by 89?
17
What is the remainder when 792426 is divided by 33?
30
What is the remainder when 10020 is divided by 41?
16
Calculate the remainder when 34683 is divided by 11373.
564
Calculate the remainder when 422 is divided by 65.
32
Calculate the remainder when 283 is divided by 280.
3
Calculate the remainder when 32289 is divided by 92.
89
What is the remainder when 759 is divided by 109?
105
Calculate the remainder when 7055 is divided by 36.
35
What is the remainder when 1874546 is divided by 13?
11
What is the remainder when 6426 is divided by 78?
30
Calculate the remainder when 592847 is divided by 70.
17
What is the remainder when 132274 is divided by 12?
10
Calculate the remainder when 59433 is divided by 76.
1
What is the remainder when 291829 is divided by 2?
1
What is the remainder when 116239 is divided by 23?
20
Calculate the remainder when 7633 is divided by 319.
296
Calculate the remainder when 124061 is divided by 29.
28
Calculate the remainder when 12632 is divided by 117.
113
Calculate the remainder when 383 is divided by 10.
3
Calculate the remainder when 12811 is divided by 240.
91
Calculate the remainder when 25482 is divided by 76.
22
Calculate the remainder when 16650 is divided by 14977.
1673
What is the remainder when 21266 is divided by 28?
14
What is the remainder when 27537 is divided by 190?
177
What is the remainder when 54172 is divided by 197?
194
What is the remainder when 13223 is divided by 12983?
240
What is the remainder when 5879 is divided by 179?
151
Calculate the remainder when 199468 is divided by 16.
12
What is the remainder when 27057 is divided by 13389?
279
What is the remainder when 65958 is divided by 32920?
118
Calculate the remainder when 19217 is divided by 310.
307
Calculate the remainder when 237156 is divided by 419.
2
What is the remainder when 4324 is divided by 101?
82
What is the remainder when 927648 is divided by 21?
15
Calculate the remainder when 4861 is divided by 1614.
19
What is the remainder when 4194 is divided by 141?
105
What is the remainder when 8946 is divided by 191?
160
What is the remainder when 476028 is divided by 158675?
3
What is the remainder when 38221 is divided by 319?
260
What is the remainder when 7919 is divided by 132?
131
What is the remainder when 4299 is divided by 3734?
565
Calculate the remainder when 202283 is divided by 206.
197
What is the remainder when 10308 is divided by 3378?
174
Calculate the remainder when 1707 is divided by 335.
32
What is the remainder when 768607 is divided by 1069?
1065
Calculate the remainder when 20424 is divided by 4949.
628
What is the remainder when 400142 is divided by 100032?
14
What is the remainder when 3702299 is divided by 430?
429
What is the remainder when 328267 is divided by 137?
15
What is the remainder when 2849 is divided by 626?
345
What is the remainder when 13858 is divided by 154?
152
What is the remainder when 15216 is divided by 31?
26
Calculate the remainder when 4535 is divided by 403.
102
Calculate the remainder when 2303 is divided by 48.
47
What is the remainder when 41807 is divided by 17?
4
What is the remainder when 7810 is divided by 3870?
70
Calculate the r